{"id":7440,"date":"2020-09-07T10:05:50","date_gmt":"2020-09-07T16:05:50","guid":{"rendered":"https:\/\/pxdev3.com\/IFRC2022\/?post_type=ajde_events&#038;p=7440"},"modified":"2020-09-07T11:25:46","modified_gmt":"2020-09-07T17:25:46","slug":"sesion-240-integrating-climate-change-and-disaster-risk-reduction-agendas-integrando-las-agendas-de-cambio-climatico-y-reduccion-de-riesgo-a-desastres","status":"publish","type":"ajde_events","link":"https:\/\/volunteeringredcross.org\/es\/events\/sesion-240-integrating-climate-change-and-disaster-risk-reduction-agendas-integrando-las-agendas-de-cambio-climatico-y-reduccion-de-riesgo-a-desastres\/","title":{"rendered":"Sesi\u00f3n 240: Integrating Climate Change and Disaster Risk Reduction Agendas \/ Integrando las agendas de Cambio Clim\u00e1tico y Reducci\u00f3n de Riesgo a Desastres"},"content":{"rendered":"<p>English and Spanish Interpretation available! \/ \u00a1Disponible interpretaci\u00f3n Ingl\u00e9s y Espa\u00f1ol!<\/p>\n<p>In partnership with the United Nations Office for Disaster Risk Reduction (UNDRR) \/ En colaboraci\u00f3n con la Oficina de las Naciones Unidas para la Reducci\u00f3n del Riesgo a Desastres (UNDRR)<\/p>\n<p>La recuperaci\u00f3n de COVID-19 debe ser ecol\u00f3gica y sostenible, pero tendremos que vivir con las consecuencias de los niveles r\u00e9cord de emisiones de gases de efecto invernadero en la atm\u00f3sfera durante mucho tiempo. Por tanto, es importante que sigamos asegurando la alineaci\u00f3n y la coherencia en los esfuerzos para reducir el riesgo de desastres y adaptarnos al cambio clim\u00e1tico, al mismo tiempo que prestamos atenci\u00f3n a la gesti\u00f3n de la salud de emergencia. La sesi\u00f3n se enfoca en promover la congruencia que debe existir entre las agendas de cambio clim\u00e1tico y reducci\u00f3n del riesgo de desastres, especialmente en gobernabilidad. El objetivo es resaltar la importancia de apoyar el desarrollo de la resiliencia ante los riesgos clim\u00e1ticos y de desastres.<\/p>\n<p>The COVID-19 recovery must be green and sustainable but we will have to live with the consequences of the record levels of greenhouse gas emissions in the atmosphere for a long time to come. It is important then that we continue to secure alignment and coherence in efforts to reduce disaster risk and adapt to climate change while also paying attention to emergency health management. The session focuses on promoting the congruence that must exist between the climate change and disaster risk reduction agendas, especially in governance. The aim is to highlight the importance of supporting\u00a0the development of resilience to climate and disaster risks.<\/p>\n<p>&nbsp;<\/p>\n<p><strong>Day:<\/strong>\u00a0Sept-09<\/p>\n<p><strong>Time:\u00a0<\/strong>2:00 p.m. Panam\u00e1<\/p>\n<p>&nbsp;<\/p>\n<p style=\"text-align: center;\"><a href=\"https:\/\/zoom.us\/meeting\/register\/tJcsfuuupjovG9PrVUO_I9zC08Er56-z1fsc\">Registrese aqu\u00ed\/ Register here<\/a><\/p>\n","protected":false},"author":3603,"featured_media":7441,"menu_order":0,"comment_status":"closed","ping_status":"closed","template":"","meta":{"_acf_changed":false,"_bbp_topic_count":0,"_bbp_reply_count":0,"_bbp_total_topic_count":0,"_bbp_total_reply_count":0,"_bbp_voice_count":0,"_bbp_anonymous_reply_count":0,"_bbp_topic_count_hidden":0,"_bbp_reply_count_hidden":0,"_bbp_forum_subforum_count":0},"tags":[],"event_type":[939],"event_type_2":[],"class_list":["post-7440","ajde_events","type-ajde_events","status-publish","has-post-thumbnail","hentry","event_location-zoom","event_organizer-oficina-regional-de-las-americas","event_type-events"],"acf":[],"_links":{"self":[{"href":"https:\/\/volunteeringredcross.org\/es\/wp-json\/wp\/v2\/ajde_events\/7440","targetHints":{"allow":["GET"]}}],"collection":[{"href":"https:\/\/volunteeringredcross.org\/es\/wp-json\/wp\/v2\/ajde_events"}],"about":[{"href":"https:\/\/volunteeringredcross.org\/es\/wp-json\/wp\/v2\/types\/ajde_events"}],"author":[{"embeddable":true,"href":"https:\/\/volunteeringredcross.org\/es\/wp-json\/wp\/v2\/users\/3603"}],"replies":[{"embeddable":true,"href":"https:\/\/volunteeringredcross.org\/es\/wp-json\/wp\/v2\/comments?post=7440"}],"wp:featuredmedia":[{"embeddable":true,"href":"https:\/\/volunteeringredcross.org\/es\/wp-json\/wp\/v2\/media\/7441"}],"wp:attachment":[{"href":"https:\/\/volunteeringredcross.org\/es\/wp-json\/wp\/v2\/media?parent=7440"}],"wp:term":[{"taxonomy":"post_tag","embeddable":true,"href":"https:\/\/volunteeringredcross.org\/es\/wp-json\/wp\/v2\/tags?post=7440"},{"taxonomy":"event_type","embeddable":true,"href":"https:\/\/volunteeringredcross.org\/es\/wp-json\/wp\/v2\/event_type?post=7440"},{"taxonomy":"event_type_2","embeddable":true,"href":"https:\/\/volunteeringredcross.org\/es\/wp-json\/wp\/v2\/event_type_2?post=7440"}],"curies":[{"name":"wp","href":"https:\/\/api.w.org\/{rel}","templated":true}]}}

Sesión 240: Integrating Climate Change and Disaster Risk Reduction Agendas / Integrando las agendas de Cambio Climático y Reducción de Riesgo a Desastres

<p>English and Spanish Interpretation available! / ¡Disponible interpretación Inglés y Español!</p>
<p>In partnership with the United Nations Office for Disaster Risk Reduction (UNDRR) / En colaboración con la Oficina de las Naciones Unidas para la Reducción del Riesgo a Desastres (UNDRR)</p>
<p>La recuperación de COVID-19 debe ser ecológica y sostenible, pero tendremos que vivir con las consecuencias de los niveles récord de emisiones de gases de efecto invernadero en la atmósfera durante mucho tiempo. Por tanto, es importante que sigamos asegurando la alineación y la coherencia en los esfuerzos para reducir el riesgo de desastres y adaptarnos al cambio climático, al mismo tiempo que prestamos atención a la gestión de la salud de emergencia. La sesión se enfoca en promover la congruencia que debe existir entre las agendas de cambio climático y reducción del riesgo de desastres, especialmente en gobernabilidad. El objetivo es resaltar la importancia de apoyar el desarrollo de la resiliencia ante los riesgos climáticos y de desastres.</p>
<p>The COVID-19 recovery must be green and sustainable but we will have to live with the consequences of the record levels of greenhouse gas emissions in the atmosphere for a long time to come. It is important then that we continue to secure alignment and coherence in efforts to reduce disaster risk and adapt to climate change while also paying attention to emergency health management. The session focuses on promoting the congruence that must exist between the climate change and disaster risk reduction agendas, especially in governance. The aim is to highlight the importance of supporting the development of resilience to climate and disaster risks.</p>
<p>&nbsp;</p>
<p><strong>Day:</strong> Sept-09</p>
<p><strong>Time: </strong>2:00 p.m. Panamá</p>
<p>&nbsp;</p>
<p style="text-align: center;"><a href="https://zoom.us/meeting/register/tJcsfuuupjovG9PrVUO_I9zC08Er56-z1fsc">Registrese aquí/ Register here</a></p>
