{"id":7367,"date":"2020-08-26T16:14:29","date_gmt":"2020-08-26T22:14:29","guid":{"rendered":"https:\/\/pxdev3.com\/IFRC2022\/?post_type=ajde_events&#038;p=7367"},"modified":"2020-10-16T10:10:56","modified_gmt":"2020-10-16T16:10:56","slug":"cafe-regional-lac-fbf-4","status":"publish","type":"ajde_events","link":"https:\/\/volunteeringredcross.org\/es\/events\/cafe-regional-lac-fbf-4\/","title":{"rendered":"Climate Change, Climate Change Adaptation and FbF"},"content":{"rendered":"<p class=\"x_MsoNormal\"><span lang=\"ES-HN\">Webinar\u2019s title:<\/span><\/p>\n<p class=\"x_MsoNormal\"><b><span lang=\"ES-HN\">Cambio Clim\u00e1tico, Adaptaci\u00f3n al Cambio Clim\u00e1tico y FbF<\/span><\/b><\/p>\n<p class=\"x_MsoNormal\"><b><span lang=\"ES-HN\">\u00a0<\/span><\/b><\/p>\n<p class=\"x_MsoNormal\"><span lang=\"ES-HN\">Date: Viernes 23 de octubre, 2020 <\/span><\/p>\n<p class=\"x_MsoNormal\"><span lang=\"ES-HN\">Time: 10:00-11:30 a.m. (Panam\u00e1)<b><\/b><\/span><\/p>\n<p class=\"x_MsoNormal\"><span lang=\"ES-HN\">\u00a0<\/span><\/p>\n<p class=\"x_MsoNormal\"><span lang=\"ES-HN\">As summary:<\/span><\/p>\n<p class=\"x_MsoNormal\">Some National Societies have developed or are developing climate action programs to incorporate into their strategies lines of action aimed at contributing to the fulfillment of the nationally determined contributions (NDC) of their countries. In this webinar we will talk about the physical bases of climate change, the various approaches to adaptation and how the FbF mechanism contributes to strengthening the climate resilience of vulnerable communities.<\/p>\n<p class=\"x_MsoNormal\"><span lang=\"ES-HN\">\u00a0<\/span><\/p>\n<p class=\"x_MsoNormal\"><span lang=\"EN-US\">Registration link:<\/span><\/p>\n<p class=\"x_MsoNormal\" style=\"text-align: center;\"><span lang=\"EN-US\"><a href=\"https:\/\/zoom.us\/meeting\/register\/tJUocOCgqzojG9Z-lwtivDM0wWv91fhHSzQw\" target=\"_blank\" rel=\"noopener noreferrer\" data-auth=\"NotApplicable\">https:\/\/zoom.us\/meeting\/register\/tJUocOCgqzojG9Z-lwtivDM0wWv91fhHSzQw<\/a><\/span><\/p>\n","protected":false},"author":3603,"featured_media":7700,"menu_order":0,"comment_status":"closed","ping_status":"closed","template":"","meta":{"_acf_changed":false,"_bbp_topic_count":0,"_bbp_reply_count":0,"_bbp_total_topic_count":0,"_bbp_total_reply_count":0,"_bbp_voice_count":0,"_bbp_anonymous_reply_count":0,"_bbp_topic_count_hidden":0,"_bbp_reply_count_hidden":0,"_bbp_forum_subforum_count":0},"tags":[],"event_type":[930],"event_type_2":[],"class_list":["post-7367","ajde_events","type-ajde_events","status-publish","has-post-thumbnail","hentry","event_location-zoom","event_organizer-forecast-based-financing-ifrc","event_type-webinar"],"acf":[],"_links":{"self":[{"href":"https:\/\/volunteeringredcross.org\/es\/wp-json\/wp\/v2\/ajde_events\/7367","targetHints":{"allow":["GET"]}}],"collection":[{"href":"https:\/\/volunteeringredcross.org\/es\/wp-json\/wp\/v2\/ajde_events"}],"about":[{"href":"https:\/\/volunteeringredcross.org\/es\/wp-json\/wp\/v2\/types\/ajde_events"}],"author":[{"embeddable":true,"href":"https:\/\/volunteeringredcross.org\/es\/wp-json\/wp\/v2\/users\/3603"}],"replies":[{"embeddable":true,"href":"https:\/\/volunteeringredcross.org\/es\/wp-json\/wp\/v2\/comments?post=7367"}],"wp:featuredmedia":[{"embeddable":true,"href":"https:\/\/volunteeringredcross.org\/es\/wp-json\/wp\/v2\/media\/7700"}],"wp:attachment":[{"href":"https:\/\/volunteeringredcross.org\/es\/wp-json\/wp\/v2\/media?parent=7367"}],"wp:term":[{"taxonomy":"post_tag","embeddable":true,"href":"https:\/\/volunteeringredcross.org\/es\/wp-json\/wp\/v2\/tags?post=7367"},{"taxonomy":"event_type","embeddable":true,"href":"https:\/\/volunteeringredcross.org\/es\/wp-json\/wp\/v2\/event_type?post=7367"},{"taxonomy":"event_type_2","embeddable":true,"href":"https:\/\/volunteeringredcross.org\/es\/wp-json\/wp\/v2\/event_type_2?post=7367"}],"curies":[{"name":"wp","href":"https:\/\/api.w.org\/{rel}","templated":true}]}}

<p class="x_MsoNormal"><span lang="ES-HN">Webinar’s title:</span></p>
<p class="x_MsoNormal"><b><span lang="ES-HN">Cambio Climático, Adaptación al Cambio Climático y FbF</span></b></p>
<p class="x_MsoNormal"><b><span lang="ES-HN"> </span></b></p>
<p class="x_MsoNormal"><span lang="ES-HN">Date: Viernes 23 de octubre, 2020 </span></p>
<p class="x_MsoNormal"><span lang="ES-HN">Time: 10:00-11:30 a.m. (Panamá)<b></b></span></p>
<p class="x_MsoNormal"><span lang="ES-HN"> </span></p>
<p class="x_MsoNormal"><span lang="ES-HN">As summary:</span></p>
<p class="x_MsoNormal">Some National Societies have developed or are developing climate action programs to incorporate into their strategies lines of action aimed at contributing to the fulfillment of the nationally determined contributions (NDC) of their countries. In this webinar we will talk about the physical bases of climate change, the various approaches to adaptation and how the FbF mechanism contributes to strengthening the climate resilience of vulnerable communities.</p>
<p class="x_MsoNormal"><span lang="ES-HN"> </span></p>
<p class="x_MsoNormal"><span lang="EN-US">Registration link:</span></p>
<p class="x_MsoNormal" style="text-align: center;"><span lang="EN-US"><a href="https://zoom.us/meeting/register/tJUocOCgqzojG9Z-lwtivDM0wWv91fhHSzQw" target="_blank" rel="noopener noreferrer" data-auth="NotApplicable">https://zoom.us/meeting/register/tJUocOCgqzojG9Z-lwtivDM0wWv91fhHSzQw</a></span></p>
