{"id":5982,"date":"2020-05-12T14:49:22","date_gmt":"2020-05-12T20:49:22","guid":{"rendered":"https:\/\/pxdev3.com\/IFRC2022\/?post_type=ajde_events&#038;p=5982"},"modified":"2020-05-12T15:35:10","modified_gmt":"2020-05-12T21:35:10","slug":"retos-de-la-implementacion-de-acciones-de-smaps-durante-la-respuesta-covid-19-asistencia-remota-teleasistencia","status":"publish","type":"ajde_events","link":"https:\/\/volunteeringredcross.org\/es\/events\/retos-de-la-implementacion-de-acciones-de-smaps-durante-la-respuesta-covid-19-asistencia-remota-teleasistencia\/","title":{"rendered":"Retos de la implementaci\u00f3n de acciones de SMAPS durante la respuesta COVID-19 Asistencia remota-teleasistencia"},"content":{"rendered":"<p>Tema del webinar:\u00a0Retos de la implementaci\u00f3n de acciones de SMAPS durante la respuesta COVID-19 Asistencia remota-teleasistencia<\/p>\n<p>&nbsp;<\/p>\n<p>Ponentes:<\/p>\n<p>Greisy Trejo<br \/>\nEmergency Health Officer<br \/>\nIFRC ARO &#8211; Panam\u00e1<\/p>\n<p>Dr Joseph Prewitt Diaz Miembro IFRC Centro de Referencia Psicosocial<\/p>\n<p>Psic\u00f3loga Karin Mor\u00f3n Delegada IFRC Cl\u00faster Lima<\/p>\n<p>&nbsp;<\/p>\n<p>Enlace para ver la grabaci\u00f3n del webinar:<\/p>\n<p><a href=\"https:\/\/ifrc-event.webex.com\/ifrc-event\/lsr.php?RCID=c17fd7b6a6bb4ac39a3847e6aa1efdaa\">https:\/\/ifrc-event.webex.com\/ifrc-event\/lsr.php?RCID=c17fd7b6a6bb4ac39a3847e6aa1efdaa<\/a><\/p>\n<p>&nbsp;<\/p>\n<p>&nbsp;<\/p>\n<p>Cantidad de participantes: 83<\/p>\n<p>Hombres: 23<\/p>\n<p>Mujeres: 60<\/p>\n","protected":false},"author":3603,"featured_media":3427,"menu_order":0,"comment_status":"closed","ping_status":"closed","template":"","meta":{"_acf_changed":false,"_bbp_topic_count":0,"_bbp_reply_count":0,"_bbp_total_topic_count":0,"_bbp_total_reply_count":0,"_bbp_voice_count":0,"_bbp_anonymous_reply_count":0,"_bbp_topic_count_hidden":0,"_bbp_reply_count_hidden":0,"_bbp_forum_subforum_count":0},"tags":[],"event_type":[930],"event_type_2":[],"class_list":["post-5982","ajde_events","type-ajde_events","status-publish","has-post-thumbnail","hentry","event_location-webex","event_organizer-ifrc-americas","event_type-webinar"],"acf":[],"_links":{"self":[{"href":"https:\/\/volunteeringredcross.org\/es\/wp-json\/wp\/v2\/ajde_events\/5982","targetHints":{"allow":["GET"]}}],"collection":[{"href":"https:\/\/volunteeringredcross.org\/es\/wp-json\/wp\/v2\/ajde_events"}],"about":[{"href":"https:\/\/volunteeringredcross.org\/es\/wp-json\/wp\/v2\/types\/ajde_events"}],"author":[{"embeddable":true,"href":"https:\/\/volunteeringredcross.org\/es\/wp-json\/wp\/v2\/users\/3603"}],"replies":[{"embeddable":true,"href":"https:\/\/volunteeringredcross.org\/es\/wp-json\/wp\/v2\/comments?post=5982"}],"wp:featuredmedia":[{"embeddable":true,"href":"https:\/\/volunteeringredcross.org\/es\/wp-json\/wp\/v2\/media\/3427"}],"wp:attachment":[{"href":"https:\/\/volunteeringredcross.org\/es\/wp-json\/wp\/v2\/media?parent=5982"}],"wp:term":[{"taxonomy":"post_tag","embeddable":true,"href":"https:\/\/volunteeringredcross.org\/es\/wp-json\/wp\/v2\/tags?post=5982"},{"taxonomy":"event_type","embeddable":true,"href":"https:\/\/volunteeringredcross.org\/es\/wp-json\/wp\/v2\/event_type?post=5982"},{"taxonomy":"event_type_2","embeddable":true,"href":"https:\/\/volunteeringredcross.org\/es\/wp-json\/wp\/v2\/event_type_2?post=5982"}],"curies":[{"name":"wp","href":"https:\/\/api.w.org\/{rel}","templated":true}]}}

Retos de la implementación de acciones de SMAPS durante la respuesta COVID-19 Asistencia remota-teleasistencia

<p>Tema del webinar: Retos de la implementación de acciones de SMAPS durante la respuesta COVID-19 Asistencia remota-teleasistencia</p>
<p>&nbsp;</p>
<p>Ponentes:</p>
<p>Greisy Trejo<br />
Emergency Health Officer<br />
IFRC ARO &#8211; Panamá</p>
<p>Dr Joseph Prewitt Diaz Miembro IFRC Centro de Referencia Psicosocial</p>
<p>Psicóloga Karin Morón Delegada IFRC Clúster Lima</p>
<p>&nbsp;</p>
<p>Enlace para ver la grabación del webinar:</p>
<p><a href="https://ifrc-event.webex.com/ifrc-event/lsr.php?RCID=c17fd7b6a6bb4ac39a3847e6aa1efdaa">https://ifrc-event.webex.com/ifrc-event/lsr.php?RCID=c17fd7b6a6bb4ac39a3847e6aa1efdaa</a></p>
<p>&nbsp;</p>
<p>&nbsp;</p>
<p>Cantidad de participantes: 83</p>
<p>Hombres: 23</p>
<p>Mujeres: 60</p>
