{"id":7765,"date":"2020-11-09T11:14:54","date_gmt":"2020-11-09T17:14:54","guid":{"rendered":"https:\/\/pxdev3.com\/IFRC2022\/?post_type=ajde_events&#038;p=7765"},"modified":"2020-11-09T11:14:54","modified_gmt":"2020-11-09T17:14:54","slug":"fundamentos-de-marketing-para-desarrollar-los-cursos-de-primeros-auxilios-en-las-empresas","status":"publish","type":"ajde_events","link":"https:\/\/volunteeringredcross.org\/en\/events\/fundamentos-de-marketing-para-desarrollar-los-cursos-de-primeros-auxilios-en-las-empresas\/","title":{"rendered":"Fundamentos de marketing para desarrollar los cursos de primeros auxilios en las empresas"},"content":{"rendered":"<p class=\"x_x_x_MsoNormal\"><span lang=\"ES\">Tras el \u00e9xito del primer seminario web en ingl\u00e9s, el Centro de Mundial Referencia en Primeros Auxilios les invita a asistir a la misma conferencia:<\/span><\/p>\n<p class=\"x_x_x_MsoNormal\"><span lang=\"ES\">\u00a0<\/span><\/p>\n<p class=\"x_x_x_MsoNormal\"><span lang=\"ES\">&#8211;\u00a0<b><u>En franc\u00e9s<\/u><\/b>, el\u00a0<b>martes 17 de noviembre a las 14:30 horas<\/b>, hora de Par\u00eds, por una duraci\u00f3n de 1:30 horas.<\/span><\/p>\n<p class=\"x_x_x_MsoNormal\"><span lang=\"ES\">&#8211;\u00a0<b><u>En espa\u00f1ol<\/u><\/b>, el\u00a0<b>martes 27 de noviembre a las 16:00 horas<\/b>, hora de Par\u00eds, por una duraci\u00f3n de 1:30 horas (<b>10:00am, hora de Panam\u00e1<\/b>).<\/span><\/p>\n<p class=\"x_x_x_MsoNormal\"><span lang=\"ES\">\u00a0<\/span><\/p>\n<p class=\"x_x_x_MsoNormal\"><span lang=\"ES\">\u00a0El Sr. Fran\u00e7ois Febvay, consultor pro-bono del CMRPA, le dar\u00e1 informaci\u00f3n sobre la venta de capacitaci\u00f3n en primeros auxilios a las empresas y abordar\u00e1 temas sobre c\u00f3mo construir un plan de negocios y c\u00f3mo promover su formaci\u00f3n en cuanto a \u00a0sus segmentos de clientes. Esta sesi\u00f3n est\u00e1 dirigida a ustedes, coordinadores de primeros auxilios, y no necesariamente especialistas en marketing.<\/span><\/p>\n<p class=\"x_x_x_MsoNormal\"><span lang=\"ES\">\u00a0<\/span><\/p>\n<p class=\"x_x_x_MsoNormal\"><span lang=\"ES\">\u00a0Dado que el n\u00famero de participantes es limitado, le rogamos que se inscriba a trav\u00e9s de<\/span><span lang=\"ES\">\u00a0<\/span><a href=\"https:\/\/antiphishing.vadesecure.com\/2\/ZGlhbmUuaXNzYXJkQGNyb2l4LXJvdWdlLmZyfFZSQzgzNTg4Mw%3D%3D\/fr.surveymonkey.com\/r\/B9QL838\" target=\"_blank\" rel=\"noopener noreferrer\" data-auth=\"NotApplicable\"><span lang=\"ES\">este enlace<\/span><\/a><span lang=\"ES\">\u00a0y recibir\u00e1 el link zoom y la invitaci\u00f3n outlook; si est\u00e1 inscrito pero no puede asistir a la sesi\u00f3n, le rogamos que nos env\u00ede un correo electr\u00f3nico a\u00a0<a href=\"mailto:first.aid@ifrc.org\" target=\"_blank\" rel=\"noopener noreferrer\" data-auth=\"NotApplicable\">first.aid@ifrc.org<\/a>\u00a0para hacer sitio a otra persona.<\/span><\/p>\n<p>&nbsp;<\/p>\n<p>&nbsp;<\/p>\n<p>________________________________________________________________________________<\/p>\n<p>&nbsp;<\/p>\n<p class=\"x_x_x_MsoNormal\" align=\"left\"><b><u>Les bases en marketing pour d\u00e9velopper les premiers secours en entreprise<\/u><\/b><\/p>\n<p class=\"x_x_x_MsoNormal\" align=\"left\">\n<p class=\"x_x_x_MsoNormal\" align=\"left\">Apr\u00e8s le succ\u00e8s du premier webinaire en anglais, le Centre Mondial de R\u00e9f\u00e9rence des Premiers Secours vous invite \u00e0 assister\u00a0\u00e0\u00a0la m\u00eame conf\u00e9rence\u00a0:<\/p>\n<p class=\"x_x_x_MsoNormal\" align=\"left\">\n<p class=\"x_x_x_MsoNormal\" align=\"left\">&#8211;\u00a0\u00a0\u00a0\u00a0\u00a0\u00a0\u00a0\u00a0\u00a0\u00a0\u00a0\u00a0En\u00a0<b><u>fran\u00e7ais<\/u><\/b>\u00a0le\u00a0<b>mardi 17 novembre \u00e0 14H30\u00a0<\/b>heure de Paris, pour une dur\u00e9e de 1H30<\/p>\n<p class=\"x_x_x_MsoNormal\" align=\"left\">&#8211;\u00a0\u00a0\u00a0\u00a0\u00a0\u00a0\u00a0\u00a0\u00a0\u00a0\u00a0\u00a0En\u00a0<b><u>espagnol<\/u><\/b>\u00a0le\u00a0<b>mardi 27 novembre \u00e0 16H00<\/b>\u00a0heure de Paris, pour une dur\u00e9e de 1H30<\/p>\n<p class=\"x_x_x_MsoNormal\" align=\"left\">\n<p class=\"x_x_x_MsoNormal\" align=\"left\">Monsieur Fran\u00e7ois Febvay, consultant pro-bono pour le CMRPS (bio raccourcie en pi\u00e8ce jointe), vous donnera des informations sur la vente de formations premiers secours aux entreprises et abordera les questions sur comment construire un business plan et comment promouvoir vos formations selon vos segments de clients. Cette session s\u2019adresse \u00e0 vous, coordinateurs des premiers secours, et pas n\u00e9cessairement \u00e0 des sp\u00e9cialistes en marketing.<\/p>\n<p class=\"x_x_x_MsoNormal\" align=\"left\">\n<p class=\"x_x_x_MsoNormal\" align=\"left\">Comme le nombre de participants est limit\u00e9, merci de vous inscrire\u00a0<a href=\"https:\/\/antiphishing.vadesecure.com\/2\/ZGlhbmUuaXNzYXJkQGNyb2l4LXJvdWdlLmZyfFZSQzgzNTg4Mw%3D%3D\/fr.surveymonkey.com\/r\/B9QL838\" target=\"_blank\" rel=\"noopener noreferrer\" data-auth=\"NotApplicable\">via ce lien\u00a0<\/a>et vous recevrez le lien zoom ainsi que l\u2019invitation outlook; si vous \u00eates inscrit(e) mais finalement ne pouvez assister \u00e0 la session merci de nous \u00e9crire \u00e0\u00a0<a href=\"mailto:first.aid@ifrc.org\" target=\"_blank\" rel=\"noopener noreferrer\" data-auth=\"NotApplicable\">first.aid@ifrc.org<\/a>\u00a0afin de lib\u00e9rer la place pour une autre personne.<\/p>\n<p align=\"left\">\n<p align=\"left\"><a href=\"https:\/\/volunteeringredcross.org\/wp-content\/uploads\/2020\/11\/Bio-Fran\u00e7ois-Febvay.pdf\">Bio Fran\u00e7ois Febvay<\/a><\/p>\n<p align=\"left\">\n<p align=\"left\"><img fetchpriority=\"high\" decoding=\"async\" class=\"alignnone size-medium wp-image-7767\" src=\"https:\/\/volunteeringredcross.org\/wp-content\/uploads\/2020\/11\/FR-CFA-1-214x300.png\" alt=\"\" width=\"214\" height=\"300\" srcset=\"https:\/\/volunteeringredcross.org\/wp-content\/uploads\/2020\/11\/FR-CFA-1-214x300.png 214w, https:\/\/volunteeringredcross.org\/wp-content\/uploads\/2020\/11\/FR-CFA-1-768x1076.png 768w, https:\/\/volunteeringredcross.org\/wp-content\/uploads\/2020\/11\/FR-CFA-1-731x1024.png 731w, https:\/\/volunteeringredcross.org\/wp-content\/uploads\/2020\/11\/FR-CFA-1.png 1428w\" sizes=\"(max-width: 214px) 100vw, 214px\" \/><\/p>\n","protected":false},"author":3603,"featured_media":7766,"menu_order":0,"comment_status":"closed","ping_status":"closed","template":"","meta":{"_acf_changed":false,"_bbp_topic_count":0,"_bbp_reply_count":0,"_bbp_total_topic_count":0,"_bbp_total_reply_count":0,"_bbp_voice_count":0,"_bbp_anonymous_reply_count":0,"_bbp_topic_count_hidden":0,"_bbp_reply_count_hidden":0,"_bbp_forum_subforum_count":0},"tags":[],"event_type":[930],"event_type_2":[],"class_list":["post-7765","ajde_events","type-ajde_events","status-publish","has-post-thumbnail","hentry","event_location-zoom","event_organizer-centro-de-mundial-referencia-en-primeros-auxilios","event_type-webinar"],"acf":[],"_links":{"self":[{"href":"https:\/\/volunteeringredcross.org\/en\/wp-json\/wp\/v2\/ajde_events\/7765","targetHints":{"allow":["GET"]}}],"collection":[{"href":"https:\/\/volunteeringredcross.org\/en\/wp-json\/wp\/v2\/ajde_events"}],"about":[{"href":"https:\/\/volunteeringredcross.org\/en\/wp-json\/wp\/v2\/types\/ajde_events"}],"author":[{"embeddable":true,"href":"https:\/\/volunteeringredcross.org\/en\/wp-json\/wp\/v2\/users\/3603"}],"replies":[{"embeddable":true,"href":"https:\/\/volunteeringredcross.org\/en\/wp-json\/wp\/v2\/comments?post=7765"}],"wp:featuredmedia":[{"embeddable":true,"href":"https:\/\/volunteeringredcross.org\/en\/wp-json\/wp\/v2\/media\/7766"}],"wp:attachment":[{"href":"https:\/\/volunteeringredcross.org\/en\/wp-json\/wp\/v2\/media?parent=7765"}],"wp:term":[{"taxonomy":"post_tag","embeddable":true,"href":"https:\/\/volunteeringredcross.org\/en\/wp-json\/wp\/v2\/tags?post=7765"},{"taxonomy":"event_type","embeddable":true,"href":"https:\/\/volunteeringredcross.org\/en\/wp-json\/wp\/v2\/event_type?post=7765"},{"taxonomy":"event_type_2","embeddable":true,"href":"https:\/\/volunteeringredcross.org\/en\/wp-json\/wp\/v2\/event_type_2?post=7765"}],"curies":[{"name":"wp","href":"https:\/\/api.w.org\/{rel}","templated":true}]}}

<p class="x_x_x_MsoNormal"><span lang="ES">Tras el éxito del primer seminario web en inglés, el Centro de Mundial Referencia en Primeros Auxilios les invita a asistir a la misma conferencia:</span></p>
<p class="x_x_x_MsoNormal"><span lang="ES"> </span></p>
<p class="x_x_x_MsoNormal"><span lang="ES">&#8211; <b><u>En francés</u></b>, el <b>martes 17 de noviembre a las 14:30 horas</b>, hora de París, por una duración de 1:30 horas.</span></p>
<p class="x_x_x_MsoNormal"><span lang="ES">&#8211; <b><u>En español</u></b>, el <b>martes 27 de noviembre a las 16:00 horas</b>, hora de París, por una duración de 1:30 horas (<b>10:00am, hora de Panamá</b>).</span></p>
<p class="x_x_x_MsoNormal"><span lang="ES"> </span></p>
<p class="x_x_x_MsoNormal"><span lang="ES"> El Sr. François Febvay, consultor pro-bono del CMRPA, le dará información sobre la venta de capacitación en primeros auxilios a las empresas y abordará temas sobre cómo construir un plan de negocios y cómo promover su formación en cuanto a  sus segmentos de clientes. Esta sesión está dirigida a ustedes, coordinadores de primeros auxilios, y no necesariamente especialistas en marketing.</span></p>
<p class="x_x_x_MsoNormal"><span lang="ES"> </span></p>
<p class="x_x_x_MsoNormal"><span lang="ES"> Dado que el número de participantes es limitado, le rogamos que se inscriba a través de</span><span lang="ES"> </span><a href="https://antiphishing.vadesecure.com/2/ZGlhbmUuaXNzYXJkQGNyb2l4LXJvdWdlLmZyfFZSQzgzNTg4Mw%3D%3D/fr.surveymonkey.com/r/B9QL838" target="_blank" rel="noopener noreferrer" data-auth="NotApplicable"><span lang="ES">este enlace</span></a><span lang="ES"> y recibirá el link zoom y la invitación outlook; si está inscrito pero no puede asistir a la sesión, le rogamos que nos envíe un correo electrónico a <a href="mailto:first.aid@ifrc.org" target="_blank" rel="noopener noreferrer" data-auth="NotApplicable">first.aid@ifrc.org</a> para hacer sitio a otra persona.</span></p>
<p>&nbsp;</p>
<p>&nbsp;</p>
<p>________________________________________________________________________________</p>
<p>&nbsp;</p>
<p class="x_x_x_MsoNormal" align="left"><b><u>Les bases en marketing pour développer les premiers secours en entreprise</u></b></p>
<p class="x_x_x_MsoNormal" align="left">
<p class="x_x_x_MsoNormal" align="left">Après le succès du premier webinaire en anglais, le Centre Mondial de Référence des Premiers Secours vous invite à assister à la même conférence :</p>
<p class="x_x_x_MsoNormal" align="left">
<p class="x_x_x_MsoNormal" align="left">&#8211;            En <b><u>français</u></b> le <b>mardi 17 novembre à 14H30 </b>heure de Paris, pour une durée de 1H30</p>
<p class="x_x_x_MsoNormal" align="left">&#8211;            En <b><u>espagnol</u></b> le <b>mardi 27 novembre à 16H00</b> heure de Paris, pour une durée de 1H30</p>
<p class="x_x_x_MsoNormal" align="left">
<p class="x_x_x_MsoNormal" align="left">Monsieur François Febvay, consultant pro-bono pour le CMRPS (bio raccourcie en pièce jointe), vous donnera des informations sur la vente de formations premiers secours aux entreprises et abordera les questions sur comment construire un business plan et comment promouvoir vos formations selon vos segments de clients. Cette session s’adresse à vous, coordinateurs des premiers secours, et pas nécessairement à des spécialistes en marketing.</p>
<p class="x_x_x_MsoNormal" align="left">
<p class="x_x_x_MsoNormal" align="left">Comme le nombre de participants est limité, merci de vous inscrire <a href="https://antiphishing.vadesecure.com/2/ZGlhbmUuaXNzYXJkQGNyb2l4LXJvdWdlLmZyfFZSQzgzNTg4Mw%3D%3D/fr.surveymonkey.com/r/B9QL838" target="_blank" rel="noopener noreferrer" data-auth="NotApplicable">via ce lien </a>et vous recevrez le lien zoom ainsi que l’invitation outlook; si vous êtes inscrit(e) mais finalement ne pouvez assister à la session merci de nous écrire à <a href="mailto:first.aid@ifrc.org" target="_blank" rel="noopener noreferrer" data-auth="NotApplicable">first.aid@ifrc.org</a> afin de libérer la place pour une autre personne.</p>
<p align="left">
<p align="left"><a href="https://volunteeringredcross.org/wp-content/uploads/2020/11/Bio-François-Febvay.pdf">Bio François Febvay</a></p>
<p align="left">
<p align="left"><img fetchpriority="high" decoding="async" class="alignnone size-medium wp-image-7767" src="https://volunteeringredcross.org/wp-content/uploads/2020/11/FR-CFA-1-214x300.png" alt="" width="214" height="300" srcset="https://volunteeringredcross.org/wp-content/uploads/2020/11/FR-CFA-1-214x300.png 214w, https://volunteeringredcross.org/wp-content/uploads/2020/11/FR-CFA-1-768x1076.png 768w, https://volunteeringredcross.org/wp-content/uploads/2020/11/FR-CFA-1-731x1024.png 731w, https://volunteeringredcross.org/wp-content/uploads/2020/11/FR-CFA-1.png 1428w" sizes="(max-width: 214px) 100vw, 214px" /></p>
