{"id":7448,"date":"2020-09-07T10:48:49","date_gmt":"2020-09-07T16:48:49","guid":{"rendered":"https:\/\/pxdev3.com\/IFRC2022\/?post_type=ajde_events&#038;p=7448"},"modified":"2020-09-07T11:25:04","modified_gmt":"2020-09-07T17:25:04","slug":"sesion-57-ultraclimathon-workshop","status":"publish","type":"ajde_events","link":"https:\/\/volunteeringredcross.org\/en\/events\/sesion-57-ultraclimathon-workshop\/","title":{"rendered":"Sesi\u00f3n 57: ULTRACLIMATHON (Workshop)"},"content":{"rendered":"<p>Sinopsis:<\/p>\n<p>Sesi\u00f3n en Espa\u00f1ol<\/p>\n<p>Esta sesi\u00f3n tiene como meta crear un espacio de intercambio para el desarrollo comprensivo de la Estrategia de Regional de Cambio Clim\u00e1tico de las Am\u00e9ricas o ULTRACLIMATHON. Para lograr una estrategia representativa y exitosa, es esencial la incorporaci\u00f3n de los aportes de las Sociedades Nacionales de las Am\u00e9ricas para que juntos establezcamos la direcci\u00f3n, determinar los retos, y los m\u00e9todos para superarlos y alcanzar los objetivos, que como regi\u00f3n, nos propongamos con respecto al Cambio Clim\u00e1tico, y en el marco de la Estrategia Global 2030. La sesi\u00f3n es un espacio para colaborar, identificar los esfuerzos y acciones que est\u00e1n desarrollando las Sociedades Nacionales de las Am\u00e9ricas relacionadas con crear resiliencia en las comunidades para adaptarse, mitigar y reducir los efectos del cambio clim\u00e1tico. Esperamos que esta sesi\u00f3n nos ayude a construir una Estrategia m\u00e1s fuerte y alineada para resaltar los esfuerzos y \u00e9xitos que d\u00eda a d\u00eda alcanzan nuestras Sociedades Nacionales.<\/p>\n<p>&nbsp;<\/p>\n<h4>Cuando: Septiembre\u00a0\u00a09<br \/>\nHora: De 15:30 &#8211; 17:00 p.m.\u00a0(Panam\u00e1)<\/h4>\n<p>&nbsp;<\/p>\n<h4 style=\"text-align: center;\"><strong><a href=\"https:\/\/zoom.us\/meeting\/register\/tJUude-rpz0iHtXqFiDRlIKovO-loU1h9odR\" target=\"_blank\" rel=\"noopener noreferrer\" data-auth=\"NotApplicable\">Registrate aqu\u00ed\u00a0<\/a><\/strong><\/h4>\n<p>&nbsp;<\/p>\n","protected":false},"author":3603,"featured_media":7449,"menu_order":0,"comment_status":"closed","ping_status":"closed","template":"","meta":{"_acf_changed":false,"_bbp_topic_count":0,"_bbp_reply_count":0,"_bbp_total_topic_count":0,"_bbp_total_reply_count":0,"_bbp_voice_count":0,"_bbp_anonymous_reply_count":0,"_bbp_topic_count_hidden":0,"_bbp_reply_count_hidden":0,"_bbp_forum_subforum_count":0},"tags":[],"event_type":[957],"event_type_2":[],"class_list":["post-7448","ajde_events","type-ajde_events","status-publish","has-post-thumbnail","hentry","event_location-zoom","event_organizer-oficina-regional-de-las-americas","event_type-workshop"],"acf":[],"_links":{"self":[{"href":"https:\/\/volunteeringredcross.org\/en\/wp-json\/wp\/v2\/ajde_events\/7448","targetHints":{"allow":["GET"]}}],"collection":[{"href":"https:\/\/volunteeringredcross.org\/en\/wp-json\/wp\/v2\/ajde_events"}],"about":[{"href":"https:\/\/volunteeringredcross.org\/en\/wp-json\/wp\/v2\/types\/ajde_events"}],"author":[{"embeddable":true,"href":"https:\/\/volunteeringredcross.org\/en\/wp-json\/wp\/v2\/users\/3603"}],"replies":[{"embeddable":true,"href":"https:\/\/volunteeringredcross.org\/en\/wp-json\/wp\/v2\/comments?post=7448"}],"wp:featuredmedia":[{"embeddable":true,"href":"https:\/\/volunteeringredcross.org\/en\/wp-json\/wp\/v2\/media\/7449"}],"wp:attachment":[{"href":"https:\/\/volunteeringredcross.org\/en\/wp-json\/wp\/v2\/media?parent=7448"}],"wp:term":[{"taxonomy":"post_tag","embeddable":true,"href":"https:\/\/volunteeringredcross.org\/en\/wp-json\/wp\/v2\/tags?post=7448"},{"taxonomy":"event_type","embeddable":true,"href":"https:\/\/volunteeringredcross.org\/en\/wp-json\/wp\/v2\/event_type?post=7448"},{"taxonomy":"event_type_2","embeddable":true,"href":"https:\/\/volunteeringredcross.org\/en\/wp-json\/wp\/v2\/event_type_2?post=7448"}],"curies":[{"name":"wp","href":"https:\/\/api.w.org\/{rel}","templated":true}]}}

Sesión 57: ULTRACLIMATHON (Workshop)

<p>Sinopsis:</p>
<p>Sesión en Español</p>
<p>Esta sesión tiene como meta crear un espacio de intercambio para el desarrollo comprensivo de la Estrategia de Regional de Cambio Climático de las Américas o ULTRACLIMATHON. Para lograr una estrategia representativa y exitosa, es esencial la incorporación de los aportes de las Sociedades Nacionales de las Américas para que juntos establezcamos la dirección, determinar los retos, y los métodos para superarlos y alcanzar los objetivos, que como región, nos propongamos con respecto al Cambio Climático, y en el marco de la Estrategia Global 2030. La sesión es un espacio para colaborar, identificar los esfuerzos y acciones que están desarrollando las Sociedades Nacionales de las Américas relacionadas con crear resiliencia en las comunidades para adaptarse, mitigar y reducir los efectos del cambio climático. Esperamos que esta sesión nos ayude a construir una Estrategia más fuerte y alineada para resaltar los esfuerzos y éxitos que día a día alcanzan nuestras Sociedades Nacionales.</p>
<p>&nbsp;</p>
<h4>Cuando: Septiembre  9<br />
Hora: De 15:30 &#8211; 17:00 p.m. (Panamá)</h4>
<p>&nbsp;</p>
<h4 style="text-align: center;"><strong><a href="https://zoom.us/meeting/register/tJUude-rpz0iHtXqFiDRlIKovO-loU1h9odR" target="_blank" rel="noopener noreferrer" data-auth="NotApplicable">Registrate aquí </a></strong></h4>
<p>&nbsp;</p>
