{"id":6894,"date":"2020-08-04T11:01:57","date_gmt":"2020-08-04T17:01:57","guid":{"rendered":"https:\/\/pxdev3.com\/IFRC2022\/?post_type=ajde_events&#038;p=6894"},"modified":"2020-08-04T11:01:57","modified_gmt":"2020-08-04T17:01:57","slug":"abordaje-de-la-violencia-basada-en-genero-con-un-enfoque-de-proteccion-genero-e-inclusion-2","status":"publish","type":"ajde_events","link":"https:\/\/volunteeringredcross.org\/en\/events\/abordaje-de-la-violencia-basada-en-genero-con-un-enfoque-de-proteccion-genero-e-inclusion-2\/","title":{"rendered":"Abordaje de la Violencia Basada en G\u00e9nero con un Enfoque de Protecci\u00f3n, G\u00e9nero e Inclusi\u00f3n"},"content":{"rendered":"<p><strong>Tema:<\/strong>\u00a0Poder, Control y Mitos<\/p>\n<p><strong>D\u00eda:\u00a0<\/strong>Mi\u00e9rcoles 5 de agosto 2020<br \/>\n<strong>Hora:\u00a0<\/strong>4 pm EST (GMT -5)<\/p>\n<p>*Evento cerrado<\/p>\n","protected":false},"author":3603,"featured_media":6895,"menu_order":0,"comment_status":"closed","ping_status":"closed","template":"","meta":{"_acf_changed":false,"_bbp_topic_count":0,"_bbp_reply_count":0,"_bbp_total_topic_count":0,"_bbp_total_reply_count":0,"_bbp_voice_count":0,"_bbp_anonymous_reply_count":0,"_bbp_topic_count_hidden":0,"_bbp_reply_count_hidden":0,"_bbp_forum_subforum_count":0},"tags":[],"event_type":[930],"event_type_2":[],"class_list":["post-6894","ajde_events","type-ajde_events","status-publish","has-post-thumbnail","hentry","event_organizer-crepd","event_type-webinar"],"acf":[],"_links":{"self":[{"href":"https:\/\/volunteeringredcross.org\/en\/wp-json\/wp\/v2\/ajde_events\/6894","targetHints":{"allow":["GET"]}}],"collection":[{"href":"https:\/\/volunteeringredcross.org\/en\/wp-json\/wp\/v2\/ajde_events"}],"about":[{"href":"https:\/\/volunteeringredcross.org\/en\/wp-json\/wp\/v2\/types\/ajde_events"}],"author":[{"embeddable":true,"href":"https:\/\/volunteeringredcross.org\/en\/wp-json\/wp\/v2\/users\/3603"}],"replies":[{"embeddable":true,"href":"https:\/\/volunteeringredcross.org\/en\/wp-json\/wp\/v2\/comments?post=6894"}],"wp:featuredmedia":[{"embeddable":true,"href":"https:\/\/volunteeringredcross.org\/en\/wp-json\/wp\/v2\/media\/6895"}],"wp:attachment":[{"href":"https:\/\/volunteeringredcross.org\/en\/wp-json\/wp\/v2\/media?parent=6894"}],"wp:term":[{"taxonomy":"post_tag","embeddable":true,"href":"https:\/\/volunteeringredcross.org\/en\/wp-json\/wp\/v2\/tags?post=6894"},{"taxonomy":"event_type","embeddable":true,"href":"https:\/\/volunteeringredcross.org\/en\/wp-json\/wp\/v2\/event_type?post=6894"},{"taxonomy":"event_type_2","embeddable":true,"href":"https:\/\/volunteeringredcross.org\/en\/wp-json\/wp\/v2\/event_type_2?post=6894"}],"curies":[{"name":"wp","href":"https:\/\/api.w.org\/{rel}","templated":true}]}}

Abordaje de la Violencia Basada en Género con un Enfoque de Protección, Género e Inclusión

<p><strong>Tema:</strong> Poder, Control y Mitos</p>
<p><strong>Día: </strong>Miércoles 5 de agosto 2020<br />
<strong>Hora: </strong>4 pm EST (GMT -5)</p>
<p>*Evento cerrado</p>
